 greatest common factor of 7565312 and 1237490?
3694
Calculate the greatest common divisor of 16964 and 108.
4
Calculate the greatest common factor of 628 and 173908.
4
Calculate the greatest common divisor of 27348 and 9441102.
318
What is the highest common factor of 61361076 and 252?
84
Calculate the highest common divisor of 33869184 and 120.
24
What is the greatest common factor of 839989 and 28410?
947
Calculate the greatest common divisor of 16973652 and 207564.
4236
What is the greatest common divisor of 155 and 29950030?
155
Calculate the highest common divisor of 8645 and 3094.
91
What is the greatest common divisor of 6668160 and 42240?
1920
What is the greatest common divisor of 1548 and 44784?
36
What is the greatest common divisor of 200 and 1012929850?
50
What is the highest common factor of 19603314 and 117?
9
Calculate the greatest common factor of 677082 and 23829.
141
Calculate the highest common factor of 1199 and 103103.
11
Calculate the highest common divisor of 16062 and 95808.
6
Calculate the highest common factor of 198447 and 65309592.
6843
Calculate the greatest common divisor of 313787760 and 4680.
1560
What is the greatest common divisor of 105 and 11386697?
7
What is the highest common divisor of 699951397 and 59?
59
What is the highest common factor of 1086783 and 10422?
579
What is the greatest common divisor of 10694756 and 161238?
698
What is the greatest common divisor of 3135261 and 4149?
1383
Calculate the highest common divisor of 15 and 156229035.
15
What is the greatest common factor of 2586368 and 20?
4
What is the greatest common factor of 1163160 and 8640?
1080
Calculate the greatest common divisor of 383565 and 304525.
65
What is the greatest common divisor of 718231 and 18989?
1117
Calculate the highest common factor of 4752 and 4724784.
432
Calculate the greatest common divisor of 54 and 800322.
6
What is the highest common divisor of 372 and 114713082?
186
Calculate the greatest common divisor of 1179847969 and 1149.
383
What is the highest common factor of 42316 and 177500?
284
Calculate the highest common factor of 23744 and 34238.
106
Calculate the highest common factor of 1383175 and 1400.
25
Calculate the greatest common factor of 210215565 and 1260.
315
Calculate the greatest common factor of 4624 and 490416.
272
What is the greatest common divisor of 3321 and 103115943?
1107
Calculate the greatest common divisor of 70 and 61388005.
35
What is the highest common factor of 414 and 38178942?
138
What is the highest common factor of 224 and 308540?
4
Calculate the greatest common factor of 53040592 and 1936.
1936
What is the highest common factor of 74475532 and 9736?
4868
Calculate the highest common factor of 17316 and 616383.
333
What is the greatest common factor of 18956 and 20972?
28
What is the highest common divisor of 8508196 and 848?
212
Calculate the greatest common factor of 271965 and 4575.
15
Calculate the greatest common factor of 1518 and 253462.
22
Calculate the greatest common factor of 22914877 and 31487.
851
Calculate the greatest common divisor of 1352 and 7353776.
8
Calculate the greatest common factor of 16227 and 2318658.
1803
Calculate the greatest common divisor of 62576 and 502.
2
Calculate the greatest common divisor of 746 and 77419880.
746
Calculate the highest common divisor of 9970 and 1349230.
10
What is the highest common factor of 1067 and 7573178?
97
Calculate the greatest common divisor of 47130256 and 34.
34
What is the greatest common divisor of 4944438 and 217?
31
What is the highest common divisor of 3243 and 15305879?
1081
Calculate the highest common divisor of 692882996 and 1816.
908
Calculate the highest common factor of 5 and 326705895.
5
What is the greatest common factor of 2493504 and 15912?
936
What is the highest common factor of 13760 and 228545?
215
What is the greatest common factor of 1072170 and 69255?
2565
What is the highest common factor of 306675418 and 23632?
2954
What is the highest common divisor of 31827 and 395211?
309
Calculate the highest common factor of 3070 and 914246.
614
What is the greatest common divisor of 1066 and 153501868?
1066
What is the highest common divisor of 1475941 and 400675?
1457
What is the greatest common factor of 2 and 3767297?
1
Calculate the highest common divisor of 7833825 and 75.
75
What is the greatest common divisor of 17487216 and 144?
144
What is the highest common divisor of 262440 and 68760?
360
What is the highest common divisor of 3198760 and 130?
10
Calculate the greatest common factor of 28325 and 449801.
1133
Calculate the greatest common divisor of 645 and 4655565.
15
What is the greatest common factor of 4045085 and 275?
55
What is the highest common divisor of 180 and 4489785?
45
What is the highest common factor of 2517432 and 336?
24
What is the greatest common factor of 125 and 91666375?
125
Calculate the highest common factor of 4739 and 16583.
7
What is the highest common divisor of 36 and 339290118?
18
Calculate the greatest common divisor of 7325 and 832852500.
7325
What is the highest common factor of 316 and 210887972?
316
Calculate the greatest common divisor of 711 and 1560645.
711
Calculate the greatest common factor of 497673 and 69696.
1089
Calculate the highest common divisor of 697914 and 76782.
1146
What is the highest common factor of 38616080 and 46000?
1840
What is the greatest common factor of 568 and 33189731?
71
Calculate the highest common factor of 26237665 and 5.
5
Calculate the greatest common divisor of 86611725 and 225.
225
What is the highest common divisor of 86 and 41487260?
86
Calculate the highest common divisor of 228038058 and 54.
54
What is the highest common divisor of 2 and 5441006?
2
What is the highest common factor of 260 and 1896544?
52
Calculate the greatest common factor of 118196 and 86646760.
9092
What is the greatest common factor of 216 and 12284448?
24
Calculate the highest common factor of 2244 and 25204047.
561
Calculate the greatest common factor of 342 and 7244757.
171
What is the greatest common divisor of 19991934 and 954?
18
Calculate the highest common factor of 138 and 218264457.
69
What is the highest common factor of 252 and 3303328?
28
What is the highest common factor of 266 and 853118?
14
Calculate the highest common factor of 2785336 and 11578.
1654
What is the highest common divisor of 60 and 5500190?
10
What is the greatest common factor of 11520 and 62437920?
480
What is the highest common divisor of 42300 and 1817100?
900
Calculate the highest common factor of 5217456 and 24.
24
Calculate the greatest common factor of 506 and 68073302.
22
Calculate the highest common divisor of 848 and 412324948.
212
What is the greatest common factor of 28 and 569823730?
14
Calculate the highest common divisor of 8988515 and 1363.
47
What is the greatest common divisor of 211 and 4693484?
211
What is the greatest common factor of 32331 and 775749?
39
What is the highest common factor of 355330168 and 8?
8
Calculate the highest common factor of 55 and 124137431.
11
What is the greatest common divisor of 153 and 57668607?
153
What is the highest common divisor of 16132305 and 315?
105
Calculate the highest common divisor of 60 and 127210390.
10
Calculate the greatest common divisor of 103713975 and 225.
225
Calculate the greatest common factor of 6354740 and 502740.
2660
Calculate the highest common factor of 13452 and 359339913.
3363
Calculate the greatest common factor of 4014 and 65862158.
446
Calculate the greatest common divisor of 14960 and 5048.
8
What is the greatest common divisor of 31 and 7487647?
31
Calculate the greatest common divisor of 7628 and 1088172.
4
Calculate the highest common factor of 2277187 and 209.
11
What is the greatest common factor of 826 and 285134?
2
Calculate the greatest common divisor of 25 and 55885.
5
Calculate the greatest common factor of 1774339 and 69629.
2401
Calculate the highest common factor of 18930 and 56717435.
3155
Calculate the greatest common factor of 83923733 and 74.
37
Calculate the highest common divisor of 611325 and 24795.
855
What is the highest common factor of 5285 and 5738?
151
Calculate the highest common divisor of 27 and 858717.
9
What is the highest common divisor 